{"id":104,"date":"2016-09-01T16:40:52","date_gmt":"2016-09-01T14:40:52","guid":{"rendered":"http:\/\/www.associazionesara.it\/?page_id=104"},"modified":"2018-02-07T17:08:25","modified_gmt":"2018-02-07T16:08:25","slug":"gevi-solutions","status":"publish","type":"page","link":"https:\/\/www.associazionesara.it\/index.php\/gevi-solutions\/","title":{"rendered":"Gevi Solutions"},"content":{"rendered":"<section class=\"wpb-content-wrapper\"><p>[vc_row][vc_column][vc_single_image image=&#8221;440&#8243; img_size=&#8221;700&#215;550&#8243; style=&#8221;vc_box_outline&#8221;][\/vc_column][\/vc_row][vc_row][vc_column][vc_column_text]<em>Generazione Vincente Business Solutions (Gevi Solutions)<\/em> si posiziona sul mercato come un partner esperto e capace di guidare il cliente nel complesso mondo dei fondi europei con un focus particolare sull\u2019asse \u201cIstruzione Formazione Lavoro\u201d.<\/p>\n<p>Realizziamo progetti di transizione e raccordo nel sistema duale scuola-lavoro, siamo esperti di misure di <b>Alternanza scuola lavoro, Formazione per studenti e docenti, PON e POR<\/b>, preoccupandoci di costruire progetti su misura per la scuola e, contestualmente, piani individuali personalizzati di accompagnamento degli studenti nel mondo del lavoro, perch\u00e9 siamo fortemente convinti che oltre alle variet\u00e0 delle metodologie didattiche offerte dobbiamo misurarci con il vero risultato atteso, ovvero il Placement.<\/p>\n<p>Costruiamo <b>Corsi di Alta Formazione<\/b>, orientati all\u2019evoluzione del mercato del lavoro che spinge sempre di pi\u00f9 per la creazione di figure professionali esperte di <b>Europrogettazione, Web Marketing e Internazionalizzazione<\/b> della Piccole e Medie Imprese.<\/p>\n<p>Allo stesso tempo offriamo una consulenza specialistica a tutte le PMI che vogliano crescere, internazionalizzare, innovare ed investire sui giovani recependo le opportunit\u00e0 di finanziamento che provengono dai <b>fondi europei <\/b>sia diretti che strutturali.<\/p>\n<p>Riusciamo ad ottenere questi risultati forti della partecipazione al gruppo Generazione Vincente spa perch\u00e9 insieme rappresentiamo un network di aziende attive in tutti i settori. Il nostro gruppo, composto di 4 societ\u00e0, \u00e8 in grado di esprimere competenze ampie e diversificate che vanno dalla somministrazione di manodopera alle politiche attive del lavoro, dalla Progettazione Europea allo sviluppo software web e mobile.<br \/>\nLa nostra organizzazione dispone di:<\/p>\n<ul>\n<li>Una sede legale e operativa a <b>Napoli <\/b>presso il Centro Direzionale<\/li>\n<li>Una presenza capillare in tutta Italia con filiali operative ed una rete commerciale capace di coprire il territorio nazionale.<\/li>\n<li>Un servizio costante di monitoraggio dei bandi regionali, nazionali ed europei<\/li>\n<li>Aule informatiche accreditate alla Regione Campania.<\/li>\n<li>Un servizio di newsletter gratuito per tutti i nostri partner e clienti<\/li>\n<li>Un team di consulenti per il lavoro, economi, legali e specialisti informatici per qualsivoglia necessit\u00e0.<\/li>\n<li>Un team di progettisti ed europrogettisti esperti per supportare enti pubblici, scuole e aziende lungo l\u2019intero Project Cycle Management, dalla progettazione alla rendicontazione.<\/li>\n<\/ul>\n<p>[\/vc_column_text][\/vc_column][\/vc_row][vc_row][vc_column][vc_button2 title=&#8221;Generazione Vincente&#8221; align=&#8221;right&#8221; style=&#8221;3d&#8221; color=&#8221;sandy_brown&#8221; link=&#8221;url:http%3A%2F%2Fwww.associazionesara.it%2Findex.php%2Fgenerazione-vincente%2F|||&#8221;][\/vc_column][\/vc_row]<\/p>\n<\/section>","protected":false},"excerpt":{"rendered":"<p>[vc_row][vc_column][vc_single_image image=&#8221;440&#8243; img_size=&#8221;700&#215;550&#8243; style=&#8221;vc_box_outline&#8221;][\/vc_column][\/vc_row][vc_row][vc_column][vc_column_text]Generazione Vincente Business Solutions (Gevi Solutions) si posiziona sul mercato come un partner esperto e capace di guidare il cliente nel complesso mondo dei fondi europei con un focus particolare sull\u2019asse \u201cIstruzione Formazione Lavoro\u201d. Realizziamo progetti di transizione e raccordo nel sistema duale scuola-lavoro, siamo esperti di misure di Alternanza scuola lavoro, &hellip;<\/p>\n","protected":false},"author":1,"featured_media":0,"parent":0,"menu_order":0,"comment_status":"closed","ping_status":"closed","template":"","meta":{"_uf_show_specific_survey":0,"_uf_disable_surveys":false},"_links":{"self":[{"href":"https:\/\/www.associazionesara.it\/index.php\/wp-json\/wp\/v2\/pages\/104"}],"collection":[{"href":"https:\/\/www.associazionesara.it\/index.php\/wp-json\/wp\/v2\/pages"}],"about":[{"href":"https:\/\/www.associazionesara.it\/index.php\/wp-json\/wp\/v2\/types\/page"}],"author":[{"embeddable":true,"href":"https:\/\/www.associazionesara.it\/index.php\/wp-json\/wp\/v2\/users\/1"}],"replies":[{"embeddable":true,"href":"https:\/\/www.associazionesara.it\/index.php\/wp-json\/wp\/v2\/comments?post=104"}],"version-history":[{"count":4,"href":"https:\/\/www.associazionesara.it\/index.php\/wp-json\/wp\/v2\/pages\/104\/revisions"}],"predecessor-version":[{"id":1328,"href":"https:\/\/www.associazionesara.it\/index.php\/wp-json\/wp\/v2\/pages\/104\/revisions\/1328"}],"wp:attachment":[{"href":"https:\/\/www.associazionesara.it\/index.php\/wp-json\/wp\/v2\/media?parent=104"}],"curies":[{"name":"wp","href":"https:\/\/api.w.org\/{rel}","templated":true}]}}

<section class="wpb-content-wrapper"><p>[vc_row][vc_column][vc_single_image image=&#8221;440&#8243; img_size=&#8221;700&#215;550&#8243; style=&#8221;vc_box_outline&#8221;][/vc_column][/vc_row][vc_row][vc_column][vc_column_text]<em>Generazione Vincente Business Solutions (Gevi Solutions)</em> si posiziona sul mercato come un partner esperto e capace di guidare il cliente nel complesso mondo dei fondi europei con un focus particolare sull’asse “Istruzione Formazione Lavoro”.</p>
<p>Realizziamo progetti di transizione e raccordo nel sistema duale scuola-lavoro, siamo esperti di misure di <b>Alternanza scuola lavoro, Formazione per studenti e docenti, PON e POR</b>, preoccupandoci di costruire progetti su misura per la scuola e, contestualmente, piani individuali personalizzati di accompagnamento degli studenti nel mondo del lavoro, perché siamo fortemente convinti che oltre alle varietà delle metodologie didattiche offerte dobbiamo misurarci con il vero risultato atteso, ovvero il Placement.</p>
<p>Costruiamo <b>Corsi di Alta Formazione</b>, orientati all’evoluzione del mercato del lavoro che spinge sempre di più per la creazione di figure professionali esperte di <b>Europrogettazione, Web Marketing e Internazionalizzazione</b> della Piccole e Medie Imprese.</p>
<p>Allo stesso tempo offriamo una consulenza specialistica a tutte le PMI che vogliano crescere, internazionalizzare, innovare ed investire sui giovani recependo le opportunità di finanziamento che provengono dai <b>fondi europei </b>sia diretti che strutturali.</p>
<p>Riusciamo ad ottenere questi risultati forti della partecipazione al gruppo Generazione Vincente spa perché insieme rappresentiamo un network di aziende attive in tutti i settori. Il nostro gruppo, composto di 4 società, è in grado di esprimere competenze ampie e diversificate che vanno dalla somministrazione di manodopera alle politiche attive del lavoro, dalla Progettazione Europea allo sviluppo software web e mobile.<br />
La nostra organizzazione dispone di:</p>
<ul>
<li>Una sede legale e operativa a <b>Napoli </b>presso il Centro Direzionale</li>
<li>Una presenza capillare in tutta Italia con filiali operative ed una rete commerciale capace di coprire il territorio nazionale.</li>
<li>Un servizio costante di monitoraggio dei bandi regionali, nazionali ed europei</li>
<li>Aule informatiche accreditate alla Regione Campania.</li>
<li>Un servizio di newsletter gratuito per tutti i nostri partner e clienti</li>
<li>Un team di consulenti per il lavoro, economi, legali e specialisti informatici per qualsivoglia necessità.</li>
<li>Un team di progettisti ed europrogettisti esperti per supportare enti pubblici, scuole e aziende lungo l’intero Project Cycle Management, dalla progettazione alla rendicontazione.</li>
</ul>
<p>[/vc_column_text][/vc_column][/vc_row][vc_row][vc_column][vc_button2 title=&#8221;Generazione Vincente&#8221; align=&#8221;right&#8221; style=&#8221;3d&#8221; color=&#8221;sandy_brown&#8221; link=&#8221;url:http%3A%2F%2Fwww.associazionesara.it%2Findex.php%2Fgenerazione-vincente%2F|||&#8221;][/vc_column][/vc_row]</p>
</section>
