{"id":15,"date":"2016-09-01T16:03:54","date_gmt":"2016-09-01T14:03:54","guid":{"rendered":"http:\/\/www.associazionesara.it\/?page_id=15"},"modified":"2018-01-16T17:18:09","modified_gmt":"2018-01-16T16:18:09","slug":"curriculum","status":"publish","type":"page","link":"https:\/\/www.associazionesara.it\/index.php\/curriculum\/","title":{"rendered":"Curriculum"},"content":{"rendered":"\t\t<div data-elementor-type=\"wp-page\" data-elementor-id=\"15\" class=\"elementor elementor-15 elementor-bc-flex-widget\">\n\t\t\t\t\t\t<section class=\"elementor-section elementor-top-section elementor-element elementor-element-ecbf6f4 elementor-section-boxed elementor-section-height-default elementor-section-height-default\" data-id=\"ecbf6f4\" data-element_type=\"section\">\n\t\t\t\t\t\t<div class=\"elementor-container elementor-column-gap-default\">\n\t\t\t\t\t<div class=\"elementor-column elementor-col-100 elementor-top-column elementor-element elementor-element-073d6ef\" data-id=\"073d6ef\" data-element_type=\"column\">\n\t\t\t<div class=\"elementor-widget-wrap elementor-element-populated\">\n\t\t\t\t\t\t<div class=\"elementor-element elementor-element-bec2839 elementor-widget elementor-widget-text-editor\" data-id=\"bec2839\" data-element_type=\"widget\" data-widget_type=\"text-editor.default\">\n\t\t\t\t<div class=\"elementor-widget-container\">\n\t\t\t\t\t\t\t<h6 style=\"text-align: justify;\"><span style=\"font-family: 'Georgia',serif; color: #333333;\">Recenti statistiche curate dall&#8217; Agenzia europea per la sicurezza e la salute sul lavoro EU-OSHA hanno messo in evidenza come all\u2019interno dell\u2019UE i giovani di et\u00e0 compresa tra i 18 e i 24 anni hanno almeno il 50% di probabilit\u00e0 in pi\u00f9 di subire un infortunio sul lavoro e maggiori probabilit\u00e0 di contrarre una malattia professionale rispetto ai lavoratori con pi\u00f9 esperienza alle spalle. Inesperti e poco familiari con il luogo di lavoro, talvolta ancora immaturi dal punto di vista sia fisico sia psicologico,\u00a0i giovani non possiedono un bagaglio di esperienze sufficiente per capire i rischi precisi cui sono esposti in conseguenza dall&#8217;attivit\u00e0 che stanno svolgendo e non sempre hanno il coraggio di parlare con qualcuno se hanno un problema.<\/span><\/h6><h6 style=\"text-align: justify;\"><span style=\"font-family: 'Georgia',serif; color: #333333;\">Datori di lavoro, educatori, professionisti della salute e della sicurezza, responsabili delle politiche: tutti abbiamo il dovere di assicurare salute e sicurezza ai giovani lavoratori.<\/span><\/h6><h6 style=\"text-align: justify;\"><span style=\"font-family: 'Georgia',serif; color: #333333;\">L\u2019Associazione S.A.R.A., da sempre vicina alle problematiche dell\u2019occupazione giovanile, intende affrontare la sfida della formazione nelle scuole dal punto di vista dell&#8217;innovazione delle forme di partecipazione delle periferie alla governance, partendo dalla scala locale dal momento che essa appare un terreno di sperimentazione privilegiato per la caratteristica prossimit\u00e0 fra la localizzazione centrale e la possibilit\u00e0 di un controllo ravvicinato sui processi decisionali e i loro effetti.<\/span><\/h6><h6 style=\"text-align: justify;\"><span style=\"font-family: 'Georgia',serif; color: #333333;\">La finalit\u00e0 prevista dal Sistema dell&#8217;Istruzione del secondo ciclo attraverso l\u2019alternanza scuola lavoro \u00e8 quella di motivare e orientare i futuri giovani occupati e far acquisire loro competenze spendibili nel mondo del lavoro, valutate all\u2019interno delle scelte educative della scuola, i fabbisogni professionali delle imprese del territorio, le personali esigenze formative degli studenti.<\/span><\/h6><h6 style=\"text-align: justify;\"><span style=\"font-family: 'Georgia',serif; color: #333333;\">L\u2019Associazione ha l\u2019obiettivo di promuovere un sistema di certificazione dei processi formativi relativi al rispetto del D. Lvo 81\/08 e successive modifiche sostenendo lo sviluppo delle conoscenze inerenti la sicurezza sui luoghi di lavoro non pi\u00f9 vista come centro di costo da parte delle aziende, ma come opportunit\u00e0 per crescere in termini di professionalit\u00e0 e qualit\u00e0 del lavoro.<\/span><\/h6><h6 style=\"text-align: justify;\"><span style=\"font-family: 'Georgia',serif; color: #333333;\">Il pubblico al quale il progetto si rivolge \u00e8 costituito sia da individui (professionisti, docenti delle scuole e dell\u2019universit\u00e0, studenti), sia da enti (Aziende, Pubblica Amministrazione, enti di formazione pubblici e privati).\u00a0 La crescente pervasivit\u00e0 dei concetti legati alla sicurezza sui luoghi di lavoro ed alle mutate condizioni di conoscenza delle imprese e dei lavoratori, si traduce nel bisogno di conoscere ed approfondire un tema che pu\u00f2 incidere drasticamente sulla qualit\u00e0 degli ambienti di lavoro: \u00e8 un principio che vale per tutti, tanto per coloro che fanno della sicurezza la propria professione, quanto per le aziende ed i loro lavoratori. Sviluppare conoscenza e competenza nel rispetto delle attivit\u00e0 legate alla sicurezza sui luoghi di lavoro diviene fondamentale non solo nel mondo del lavoro ma anche in quello degli studi e della ricerca. Infatti solo attraverso processi innovativi di devoluzione dei sistemi di apprendimento si pu\u00f2 fare in modo tale da responsabilizzare le aziende ed i lavoratori: tale devoluzione, inoltre, oltre che a penetrare in maniera sistemica nel territorio, ha lo scopo di attribuire certificazioni tanto alle aziende quanto ai lavoratori basandosi sul principio dell\u2019imparzialit\u00e0 e dell\u2019uniformit\u00e0.<\/span><\/h6>\t\t\t\t\t\t<\/div>\n\t\t\t\t<\/div>\n\t\t\t\t<div class=\"elementor-element elementor-element-49fba12 elementor-widget elementor-widget-text-editor\" data-id=\"49fba12\" data-element_type=\"widget\" data-widget_type=\"text-editor.default\">\n\t\t\t\t<div class=\"elementor-widget-container\">\n\t\t\t\t\t\t\t<p><span style=\"font-family: 'Georgia',serif; color: #333333;\"><strong>OPLA<\/strong> \u2013 Osservatorio delle Politiche del lavoro<\/span><\/p><p><span style=\"font-family: 'Georgia',serif; color: #333333;\"><strong>ORE<\/strong> \u2013 Ottimizzazione e risparmio energetico<\/span><\/p><p><span style=\"font-family: 'Georgia',serif; color: #333333;\"><strong>SMILES<\/strong> \u2013 Sistemi e metodologie innovative per il lavoro e lo sviluppo<\/span><\/p><p><span style=\"font-family: 'Georgia',serif; color: #333333;\"><strong>SOFIA<\/strong> \u2013 Sistemi orientai alla formazione integrata in azienda<\/span><\/p><p><span style=\"font-family: 'Georgia',serif; color: #333333;\"><strong>EDU<\/strong> \u2013 Piattaforma di edu gaming<\/span><\/p><p><span style=\"font-family: 'Georgia',serif; color: #333333;\"><strong>ERL<\/strong> \u2013 Emozionati dal raggio di Luna<\/span><\/p>\t\t\t\t\t\t<\/div>\n\t\t\t\t<\/div>\n\t\t\t\t<div class=\"elementor-element elementor-element-afc9912 elementor-widget elementor-widget-text-editor\" data-id=\"afc9912\" data-element_type=\"widget\" data-widget_type=\"text-editor.default\">\n\t\t\t\t<div class=\"elementor-widget-container\">\n\t\t\t\t\t\t\t<p style=\"text-align: justify;\"><span style=\"font-family: 'Georgia',serif; color: #333333; background: white;\">Gli studenti delle classi quarte e quinte degli Istituti Scolastici Professionali e tecnici .Il corso si propone di formare figure professionali inerenti la sicurezza sui luoghi di lavoro e di farlo all&#8217;interno del contesto scolastico in modo da garantire anche i percorsi strutturati di alternanza suola \/ lavoro.<\/span><\/p>\t\t\t\t\t\t<\/div>\n\t\t\t\t<\/div>\n\t\t\t\t\t<\/div>\n\t\t<\/div>\n\t\t\t\t\t<\/div>\n\t\t<\/section>\n\t\t\t\t<\/div>\n\t\t","protected":false},"excerpt":{"rendered":"<p>L&#8217;associazione Recenti statistiche curate dall&#8217; Agenzia europea per la sicurezza e la salute sul lavoro EU-OSHA hanno messo in evidenza come all\u2019interno dell\u2019UE i giovani di et\u00e0 compresa tra i 18 e i 24 anni hanno almeno il 50% di probabilit\u00e0 in pi\u00f9 di subire un infortunio sul lavoro e maggiori probabilit\u00e0 di contrarre una &hellip;<\/p>\n","protected":false},"author":1,"featured_media":0,"parent":0,"menu_order":0,"comment_status":"closed","ping_status":"closed","template":"","meta":{"_uf_show_specific_survey":0,"_uf_disable_surveys":false},"_links":{"self":[{"href":"https:\/\/www.associazionesara.it\/index.php\/wp-json\/wp\/v2\/pages\/15"}],"collection":[{"href":"https:\/\/www.associazionesara.it\/index.php\/wp-json\/wp\/v2\/pages"}],"about":[{"href":"https:\/\/www.associazionesara.it\/index.php\/wp-json\/wp\/v2\/types\/page"}],"author":[{"embeddable":true,"href":"https:\/\/www.associazionesara.it\/index.php\/wp-json\/wp\/v2\/users\/1"}],"replies":[{"embeddable":true,"href":"https:\/\/www.associazionesara.it\/index.php\/wp-json\/wp\/v2\/comments?post=15"}],"version-history":[{"count":21,"href":"https:\/\/www.associazionesara.it\/index.php\/wp-json\/wp\/v2\/pages\/15\/revisions"}],"predecessor-version":[{"id":1230,"href":"https:\/\/www.associazionesara.it\/index.php\/wp-json\/wp\/v2\/pages\/15\/revisions\/1230"}],"wp:attachment":[{"href":"https:\/\/www.associazionesara.it\/index.php\/wp-json\/wp\/v2\/media?parent=15"}],"curies":[{"name":"wp","href":"https:\/\/api.w.org\/{rel}","templated":true}]}}

<div data-elementor-type="wp-page" data-elementor-id="15" class="elementor elementor-15 elementor-bc-flex-widget">
						<section class="elementor-section elementor-top-section elementor-element elementor-element-ecbf6f4 elementor-section-boxed elementor-section-height-default elementor-section-height-default" data-id="ecbf6f4" data-element_type="section">
						<div class="elementor-container elementor-column-gap-default">
					<div class="elementor-column elementor-col-100 elementor-top-column elementor-element elementor-element-073d6ef" data-id="073d6ef" data-element_type="column">
			<div class="elementor-widget-wrap elementor-element-populated">
						<div class="elementor-element elementor-element-bec2839 elementor-widget elementor-widget-text-editor" data-id="bec2839" data-element_type="widget" data-widget_type="text-editor.default">
				<div class="elementor-widget-container">
							<h6 style="text-align: justify;"><span style="font-family: 'Georgia',serif; color: #333333;">Recenti statistiche curate dall&#8217; Agenzia europea per la sicurezza e la salute sul lavoro EU-OSHA hanno messo in evidenza come all’interno dell’UE i giovani di età compresa tra i 18 e i 24 anni hanno almeno il 50% di probabilità in più di subire un infortunio sul lavoro e maggiori probabilità di contrarre una malattia professionale rispetto ai lavoratori con più esperienza alle spalle. Inesperti e poco familiari con il luogo di lavoro, talvolta ancora immaturi dal punto di vista sia fisico sia psicologico, i giovani non possiedono un bagaglio di esperienze sufficiente per capire i rischi precisi cui sono esposti in conseguenza dall&#8217;attività che stanno svolgendo e non sempre hanno il coraggio di parlare con qualcuno se hanno un problema.</span></h6><h6 style="text-align: justify;"><span style="font-family: 'Georgia',serif; color: #333333;">Datori di lavoro, educatori, professionisti della salute e della sicurezza, responsabili delle politiche: tutti abbiamo il dovere di assicurare salute e sicurezza ai giovani lavoratori.</span></h6><h6 style="text-align: justify;"><span style="font-family: 'Georgia',serif; color: #333333;">L’Associazione S.A.R.A., da sempre vicina alle problematiche dell’occupazione giovanile, intende affrontare la sfida della formazione nelle scuole dal punto di vista dell&#8217;innovazione delle forme di partecipazione delle periferie alla governance, partendo dalla scala locale dal momento che essa appare un terreno di sperimentazione privilegiato per la caratteristica prossimità fra la localizzazione centrale e la possibilità di un controllo ravvicinato sui processi decisionali e i loro effetti.</span></h6><h6 style="text-align: justify;"><span style="font-family: 'Georgia',serif; color: #333333;">La finalità prevista dal Sistema dell&#8217;Istruzione del secondo ciclo attraverso l’alternanza scuola lavoro è quella di motivare e orientare i futuri giovani occupati e far acquisire loro competenze spendibili nel mondo del lavoro, valutate all’interno delle scelte educative della scuola, i fabbisogni professionali delle imprese del territorio, le personali esigenze formative degli studenti.</span></h6><h6 style="text-align: justify;"><span style="font-family: 'Georgia',serif; color: #333333;">L’Associazione ha l’obiettivo di promuovere un sistema di certificazione dei processi formativi relativi al rispetto del D. Lvo 81/08 e successive modifiche sostenendo lo sviluppo delle conoscenze inerenti la sicurezza sui luoghi di lavoro non più vista come centro di costo da parte delle aziende, ma come opportunità per crescere in termini di professionalità e qualità del lavoro.</span></h6><h6 style="text-align: justify;"><span style="font-family: 'Georgia',serif; color: #333333;">Il pubblico al quale il progetto si rivolge è costituito sia da individui (professionisti, docenti delle scuole e dell’università, studenti), sia da enti (Aziende, Pubblica Amministrazione, enti di formazione pubblici e privati).  La crescente pervasività dei concetti legati alla sicurezza sui luoghi di lavoro ed alle mutate condizioni di conoscenza delle imprese e dei lavoratori, si traduce nel bisogno di conoscere ed approfondire un tema che può incidere drasticamente sulla qualità degli ambienti di lavoro: è un principio che vale per tutti, tanto per coloro che fanno della sicurezza la propria professione, quanto per le aziende ed i loro lavoratori. Sviluppare conoscenza e competenza nel rispetto delle attività legate alla sicurezza sui luoghi di lavoro diviene fondamentale non solo nel mondo del lavoro ma anche in quello degli studi e della ricerca. Infatti solo attraverso processi innovativi di devoluzione dei sistemi di apprendimento si può fare in modo tale da responsabilizzare le aziende ed i lavoratori: tale devoluzione, inoltre, oltre che a penetrare in maniera sistemica nel territorio, ha lo scopo di attribuire certificazioni tanto alle aziende quanto ai lavoratori basandosi sul principio dell’imparzialità e dell’uniformità.</span></h6>						</div>
				</div>
				<div class="elementor-element elementor-element-49fba12 elementor-widget elementor-widget-text-editor" data-id="49fba12" data-element_type="widget" data-widget_type="text-editor.default">
				<div class="elementor-widget-container">
							<p><span style="font-family: 'Georgia',serif; color: #333333;"><strong>OPLA</strong> – Osservatorio delle Politiche del lavoro</span></p><p><span style="font-family: 'Georgia',serif; color: #333333;"><strong>ORE</strong> – Ottimizzazione e risparmio energetico</span></p><p><span style="font-family: 'Georgia',serif; color: #333333;"><strong>SMILES</strong> – Sistemi e metodologie innovative per il lavoro e lo sviluppo</span></p><p><span style="font-family: 'Georgia',serif; color: #333333;"><strong>SOFIA</strong> – Sistemi orientai alla formazione integrata in azienda</span></p><p><span style="font-family: 'Georgia',serif; color: #333333;"><strong>EDU</strong> – Piattaforma di edu gaming</span></p><p><span style="font-family: 'Georgia',serif; color: #333333;"><strong>ERL</strong> – Emozionati dal raggio di Luna</span></p>						</div>
				</div>
				<div class="elementor-element elementor-element-afc9912 elementor-widget elementor-widget-text-editor" data-id="afc9912" data-element_type="widget" data-widget_type="text-editor.default">
				<div class="elementor-widget-container">
							<p style="text-align: justify;"><span style="font-family: 'Georgia',serif; color: #333333; background: white;">Gli studenti delle classi quarte e quinte degli Istituti Scolastici Professionali e tecnici .Il corso si propone di formare figure professionali inerenti la sicurezza sui luoghi di lavoro e di farlo all&#8217;interno del contesto scolastico in modo da garantire anche i percorsi strutturati di alternanza suola / lavoro.</span></p>						</div>
				</div>
					</div>
		</div>
					</div>
		</section>
				</div>

<p>L&#8217;associazione Recenti statistiche curate dall&#8217; Agenzia europea per la sicurezza e la salute sul lavoro EU-OSHA hanno messo in evidenza come all’interno dell’UE i giovani di età compresa tra i 18 e i 24 anni hanno almeno il 50% di probabilità in più di subire un infortunio sul lavoro e maggiori probabilità di contrarre una &hellip;</p>
