{"id":2442,"date":"2023-05-18T16:36:21","date_gmt":"2023-05-18T14:36:21","guid":{"rendered":"https:\/\/www.associazionesara.it\/?page_id=2442"},"modified":"2023-05-18T17:56:39","modified_gmt":"2023-05-18T15:56:39","slug":"festa-dei-gigli","status":"publish","type":"page","link":"https:\/\/www.associazionesara.it\/index.php\/festa-dei-gigli\/","title":{"rendered":"Festa dei Gigli"},"content":{"rendered":"\t\t<div data-elementor-type=\"wp-page\" data-elementor-id=\"2442\" class=\"elementor elementor-2442\">\n\t\t\t\t\t\t<section class=\"elementor-section elementor-top-section elementor-element elementor-element-776dec2 elementor-section-boxed elementor-section-height-default elementor-section-height-default\" data-id=\"776dec2\" data-element_type=\"section\">\n\t\t\t\t\t\t<div class=\"elementor-container elementor-column-gap-default\">\n\t\t\t\t\t<div class=\"elementor-column elementor-col-100 elementor-top-column elementor-element elementor-element-8b69afd\" data-id=\"8b69afd\" data-element_type=\"column\">\n\t\t\t<div class=\"elementor-widget-wrap elementor-element-populated\">\n\t\t\t\t\t\t<div class=\"elementor-element elementor-element-499293e elementor-view-stacked elementor-shape-circle elementor-widget elementor-widget-icon\" data-id=\"499293e\" data-element_type=\"widget\" data-widget_type=\"icon.default\">\n\t\t\t\t<div class=\"elementor-widget-container\">\n\t\t\t\t\t<div class=\"elementor-icon-wrapper\">\n\t\t\t<div class=\"elementor-icon\">\n\t\t\t<i aria-hidden=\"true\" class=\"far fa-hand-peace\"><\/i>\t\t\t<\/div>\n\t\t<\/div>\n\t\t\t\t<\/div>\n\t\t\t\t<\/div>\n\t\t\t\t\t<\/div>\n\t\t<\/div>\n\t\t\t\t\t<\/div>\n\t\t<\/section>\n\t\t\t\t<section class=\"elementor-section elementor-top-section elementor-element elementor-element-6e081d5 elementor-section-boxed elementor-section-height-default elementor-section-height-default\" data-id=\"6e081d5\" data-element_type=\"section\">\n\t\t\t\t\t\t\t<div class=\"elementor-background-overlay\"><\/div>\n\t\t\t\t\t\t\t<div class=\"elementor-container elementor-column-gap-default\">\n\t\t\t\t\t<div class=\"elementor-column elementor-col-100 elementor-top-column elementor-element elementor-element-9e50b2c\" data-id=\"9e50b2c\" data-element_type=\"column\">\n\t\t\t<div class=\"elementor-widget-wrap elementor-element-populated\">\n\t\t\t\t\t\t<div class=\"elementor-element elementor-element-2770cd2 elementor-widget elementor-widget-text-editor\" data-id=\"2770cd2\" data-element_type=\"widget\" data-widget_type=\"text-editor.default\">\n\t\t\t\t<div class=\"elementor-widget-container\">\n\t\t\t\t\t\t\t<p>La\u00a0<b>Festa dei Gigli<\/b>\u00a0\u00e8 una\u00a0festa popolare\u00a0cattolica\u00a0che si tiene ogni anno a\u00a0Nola in occasione della festivit\u00e0\u00a0\u00a0dedicata a\u00a0San Paolino. Con questo evento i nolani ricordano il ritorno in citt\u00e0 di\u00a0Ponzio Meropio Paolino\u00a0dalla\u00a0prigionia\u00a0ad opera dei\u00a0barbari\u00a0avvenuto nella prima met\u00e0 del\u00a0V secolo. La festa rientra nella\u00a0Rete delle grandi macchine a spalla italiane<sup id=\"cite_ref-2\" class=\"reference\"><\/sup>\u00a0inserita dal dicembre del\u00a02013\u00a0nel\u00a0Patrimonio orale e immateriale dell&#8217;umanit\u00e0\u00a0dell&#8217;UNESCO.<\/p><p>Papa Gregorio I\u00a0racconta il sacrificio personale del\u00a0vescovo\u00a0Paolino\u00a0che don\u00f2 i suoi averi e se stesso ai\u00a0Visigoti\u00a0in cambio della liberazione dei nolani resi schiavi a seguito delle invasioni di\u00a0Alarico I\u00a0del\u00a0410.<\/p><p>Nato come Anicio Ponzio Meropio Paolino a Bordeaux il 355 d.c., visse a Barcellona con la sua sposa Therasia, dalla quale ebbe un figlio di nome Celso, morto dopo soli 8 giorni. La sua sposa Therasia, con la quale aveva vissuto una vita monastica su stile orientale, si uccise gettandosi da una rupe a Montjiuk. Successivamente, Paolino fu acclamato dal popolo catalano la sera di Natale in chiesa, e fu nominato sacerdote dal Vescovo di Barcelona.<\/p><p>Secondo la\u00a0leggenda, quando nel 409 Alarico Re dei Goti distrusse gran parte di Nola, prese come ostaggi 21 cittadini, tra cui il figlio di una vedova. Venuto a conoscenza del fatto San Paolino che era vescovo di Nola per acclamazione popolare &#8211; diede se stesso in ostaggio per ottenere la liberazione del bimbo. Venne quindi condotto come prigioniero in Turchia o in Africa, e fu impiegato come giardiniere. Alarico, avendo saputo che era un vescovo, ed avendo timore per alcuni strani sogni fatti, decise di liberarlo. Al suo ritorno, avvenuto nel 411-412, i nolani gli tributarono grandi festeggiamenti che furono curati dalle corporazioni della citt\u00e0. Mor\u00ec a Nola nel 431 d.c.<\/p><p>Secondo un&#8217;altra leggenda, liberato dalla prigionia nel 431, torn\u00f2 al suo paese assieme ad altri nolani in schiavit\u00f9 accompagnati da navi cariche di grano, sbarcando sulla spiaggia di\u00a0Torre Annunziata; i nolani accolsero al vescovo nel suo rientro in citt\u00e0 con dei fiori, dei\u00a0Gigli\u00a0per l&#8217;esattezza, e che lo abbiano scortato fino alla sede vescovile alla testa dei\u00a0gonfaloni\u00a0delle\u00a0corporazioni\u00a0delle arti e dei mestieri. In memoria di quell&#8217;avvenimento\u00a0Nola\u00a0ha tributato nei secoli la sua devozione a\u00a0San Paolino\u00a0portando in processione ceri addobbati posti prima su strutture rudimentali e poi su\u00a0cataletti, divenuti infine 8\u00a0torri\u00a0piramidali di legno pi\u00f9 una barca che simboleggia il mezzo con cui San Paolino \u00e8 tornato a Nola.<\/p><p>Tali costruzioni lignee, denominate appunto &#8220;gigli&#8221;, hanno assunto nell&#8217;800\u00a0l&#8217;attuale altezza di 25 metri con base cubica di circa tre metri per lato, per un peso complessivo di oltre venticinque quintali. L&#8217;elemento portante \u00e8 la &#8220;borda&#8221;, un&#8217;asse centrale su cui si articola l&#8217;intera struttura. Le &#8220;barre&#8221; e le &#8220;barrette&#8221; (in\u00a0napoletano\u00a0<i>varre<\/i>\u00a0e\u00a0<i>varritielli<\/i>) sono le assi di legno attraverso cui ogni Giglio viene sollevato e manovrato a spalla dagli addetti al trasporto. Questi assumono il nome di &#8220;cullatori&#8221; (in\u00a0napoletano\u00a0<i>cullature<\/i>), nome che deriva probabilmente dal movimento oscillante prodotto simile all&#8217;atto del cullare. L&#8217;insieme dei cullatori, di norma 128, prende il nome di &#8220;paranza&#8221;.<\/p><p>Gli 8 Gigli vengono addobbati dagli artigiani locali con decorazioni in\u00a0cartapesta, stucchi o altri materiali secondo temi religiosi, storici o d&#8217;attualit\u00e0. Essi rinnovano una tradizione chiaramente individuabile sin dagli ultimi decenni dell&#8217;800, che amplia le radici storiche individuabili nelle decorazioni architettoniche barocche leccesi e rappresentano quindi una forma di\u00a0macchina votiva a spalla. Oltre ai Gigli viene costruita anche una struttura simile ma pi\u00f9 bassa con una Barca posta sulla sommit\u00e0 con riferimento a quella che riport\u00f2\u00a0San Paolino\u00a0a\u00a0Nola.<\/p><p>Nel triennio 2020-2021-2022 la festa venne annullata a causa della\u00a0pandemia di COVID-19 del 2019-2021\u00a0(precedentemente, in tutta la sua millenaria storia, era avvenuto solo negli anni della\u00a0seconda guerra mondiale), per l&#8217;impossibilit\u00e0 di svolgere la festa nel rispetto delle disposizioni sanitarie nazionali<sup id=\"cite_ref-3\" class=\"reference\"><\/sup>.<\/p><p>La festa si svolge il\u00a022 giugno\u00a0di ogni anno, se cade di domenica, o quella successiva, se giorno infrasettimanale e consiste nella processione danzante degli 8 Gigli e della Barca. Gli obelischi di legno prendono il nome delle\u00a0antiche corporazioni delle arti e mestieri, nell&#8217;ordine:<\/p><ul><li>Ortolano<\/li><li>Salumiere<\/li><li>Bettoliere<\/li><li>Panettiere<\/li><li>Barca<\/li><li>Beccaio<\/li><li>Calzolaio<\/li><li>Fabbro<\/li><li>Sarto<\/li><\/ul><p>I Gigli e la Barca sfilano lungo un tradizionale percorso individuato nel nucleo pi\u00f9 antico della cittadina al ritmo di brani originali e reinterpretazioni attinte dalla tradizione musicale napoletana, italiana e internazionale eseguiti da una banda musicale posta sulla base della struttura. La manifestazione copre l&#8217;intero arco della giornata. Nel corso della mattinata, i Gigli e la Barca vengono trasportati in piazza Duomo, la piazza principale di Nola, dove avviene la solenne benedizione da parte del\u00a0vescovo. Dal primo pomeriggio all&#8217;alba del luned\u00ec le strutture e i cullatori che li trasportano affrontano spettacolari prove di abilit\u00e0 e di forza.<\/p>\t\t\t\t\t\t<\/div>\n\t\t\t\t<\/div>\n\t\t\t\t\t<\/div>\n\t\t<\/div>\n\t\t\t\t\t<\/div>\n\t\t<\/section>\n\t\t\t\t<section class=\"elementor-section elementor-top-section elementor-element elementor-element-363c7e9 elementor-section-boxed elementor-section-height-default elementor-section-height-default\" data-id=\"363c7e9\" data-element_type=\"section\" data-settings=\"{&quot;background_background&quot;:&quot;slideshow&quot;,&quot;background_slideshow_gallery&quot;:[],&quot;background_slideshow_loop&quot;:&quot;yes&quot;,&quot;background_slideshow_slide_duration&quot;:5000,&quot;background_slideshow_slide_transition&quot;:&quot;fade&quot;,&quot;background_slideshow_transition_duration&quot;:500}\">\n\t\t\t\t\t\t<div class=\"elementor-container elementor-column-gap-default\">\n\t\t\t\t\t<div class=\"elementor-column elementor-col-100 elementor-top-column elementor-element elementor-element-3acc7d5\" data-id=\"3acc7d5\" data-element_type=\"column\">\n\t\t\t<div class=\"elementor-widget-wrap elementor-element-populated\">\n\t\t\t\t\t\t<div class=\"elementor-element elementor-element-cfc5c0c elementor-arrows-position-inside elementor-widget elementor-widget-image-carousel\" data-id=\"cfc5c0c\" data-element_type=\"widget\" data-settings=\"{&quot;navigation&quot;:&quot;arrows&quot;,&quot;autoplay&quot;:&quot;yes&quot;,&quot;pause_on_hover&quot;:&quot;yes&quot;,&quot;pause_on_interaction&quot;:&quot;yes&quot;,&quot;autoplay_speed&quot;:5000,&quot;infinite&quot;:&quot;yes&quot;,&quot;speed&quot;:500,&quot;image_spacing_custom&quot;:{&quot;unit&quot;:&quot;px&quot;,&quot;size&quot;:20,&quot;sizes&quot;:[]},&quot;image_spacing_custom_tablet&quot;:{&quot;unit&quot;:&quot;px&quot;,&quot;size&quot;:&quot;&quot;,&quot;sizes&quot;:[]},&quot;image_spacing_custom_mobile&quot;:{&quot;unit&quot;:&quot;px&quot;,&quot;size&quot;:&quot;&quot;,&quot;sizes&quot;:[]}}\" data-widget_type=\"image-carousel.default\">\n\t\t\t\t<div class=\"elementor-widget-container\">\n\t\t\t\t\t<div class=\"elementor-image-carousel-wrapper swiper-container\" dir=\"ltr\">\n\t\t\t<div class=\"elementor-image-carousel swiper-wrapper\" aria-live=\"off\">\n\t\t\t\t\t\t\t\t<div class=\"swiper-slide\" role=\"group\" aria-roledescription=\"slide\" aria-label=\"1 di 4\"><figure class=\"swiper-slide-inner\"><img decoding=\"async\" class=\"swiper-slide-image\" src=\"https:\/\/www.associazionesara.it\/wp-content\/uploads\/2023\/05\/FDD0CDAB-A32E-44C1-A047-F8AC19B955AA-460x460.jpeg\" alt=\"FDD0CDAB-A32E-44C1-A047-F8AC19B955AA\" \/><\/figure><\/div><div class=\"swiper-slide\" role=\"group\" aria-roledescription=\"slide\" aria-label=\"2 di 4\"><figure class=\"swiper-slide-inner\"><img decoding=\"async\" class=\"swiper-slide-image\" src=\"https:\/\/www.associazionesara.it\/wp-content\/uploads\/2023\/05\/festa-dei-gigli-min-460x460.jpg\" alt=\"festa-dei-gigli-min\" \/><\/figure><\/div><div class=\"swiper-slide\" role=\"group\" aria-roledescription=\"slide\" aria-label=\"3 di 4\"><figure class=\"swiper-slide-inner\"><img decoding=\"async\" class=\"swiper-slide-image\" src=\"https:\/\/www.associazionesara.it\/wp-content\/uploads\/2023\/05\/gigli-460x328.jpg\" alt=\"gigli\" \/><\/figure><\/div><div class=\"swiper-slide\" role=\"group\" aria-roledescription=\"slide\" aria-label=\"4 di 4\"><figure class=\"swiper-slide-inner\"><img decoding=\"async\" class=\"swiper-slide-image\" src=\"https:\/\/www.associazionesara.it\/wp-content\/uploads\/2023\/05\/117584056_594971227843189_3458804413973788008_o-627x376-1-460x376.jpg\" alt=\"117584056_594971227843189_3458804413973788008_o-627x376\" \/><\/figure><\/div>\t\t\t<\/div>\n\t\t\t\t\t\t\t\t\t\t\t\t<div class=\"elementor-swiper-button elementor-swiper-button-prev\" role=\"button\" tabindex=\"0\">\n\t\t\t\t\t\t<i aria-hidden=\"true\" class=\"eicon-chevron-left\"><\/i>\t\t\t\t\t<\/div>\n\t\t\t\t\t<div class=\"elementor-swiper-button elementor-swiper-button-next\" role=\"button\" tabindex=\"0\">\n\t\t\t\t\t\t<i aria-hidden=\"true\" class=\"eicon-chevron-right\"><\/i>\t\t\t\t\t<\/div>\n\t\t\t\t\n\t\t\t\t\t\t\t\t\t<\/div>\n\t\t\t\t<\/div>\n\t\t\t\t<\/div>\n\t\t\t\t\t<\/div>\n\t\t<\/div>\n\t\t\t\t\t<\/div>\n\t\t<\/section>\n\t\t\t\t<\/div>\n\t\t","protected":false},"excerpt":{"rendered":"<p>La\u00a0Festa dei Gigli\u00a0\u00e8 una\u00a0festa popolare\u00a0cattolica\u00a0che si tiene ogni anno a\u00a0Nola in occasione della festivit\u00e0\u00a0\u00a0dedicata a\u00a0San Paolino. Con questo evento i nolani ricordano il ritorno in citt\u00e0 di\u00a0Ponzio Meropio Paolino\u00a0dalla\u00a0prigionia\u00a0ad opera dei\u00a0barbari\u00a0avvenuto nella prima met\u00e0 del\u00a0V secolo. La festa rientra nella\u00a0Rete delle grandi macchine a spalla italiane\u00a0inserita dal dicembre del\u00a02013\u00a0nel\u00a0Patrimonio orale e immateriale dell&#8217;umanit\u00e0\u00a0dell&#8217;UNESCO. Papa Gregorio &hellip;<\/p>\n","protected":false},"author":1,"featured_media":0,"parent":0,"menu_order":0,"comment_status":"closed","ping_status":"closed","template":"","meta":{"_uf_show_specific_survey":0,"_uf_disable_surveys":false},"_links":{"self":[{"href":"https:\/\/www.associazionesara.it\/index.php\/wp-json\/wp\/v2\/pages\/2442"}],"collection":[{"href":"https:\/\/www.associazionesara.it\/index.php\/wp-json\/wp\/v2\/pages"}],"about":[{"href":"https:\/\/www.associazionesara.it\/index.php\/wp-json\/wp\/v2\/types\/page"}],"author":[{"embeddable":true,"href":"https:\/\/www.associazionesara.it\/index.php\/wp-json\/wp\/v2\/users\/1"}],"replies":[{"embeddable":true,"href":"https:\/\/www.associazionesara.it\/index.php\/wp-json\/wp\/v2\/comments?post=2442"}],"version-history":[{"count":37,"href":"https:\/\/www.associazionesara.it\/index.php\/wp-json\/wp\/v2\/pages\/2442\/revisions"}],"predecessor-version":[{"id":2517,"href":"https:\/\/www.associazionesara.it\/index.php\/wp-json\/wp\/v2\/pages\/2442\/revisions\/2517"}],"wp:attachment":[{"href":"https:\/\/www.associazionesara.it\/index.php\/wp-json\/wp\/v2\/media?parent=2442"}],"curies":[{"name":"wp","href":"https:\/\/api.w.org\/{rel}","templated":true}]}}

<div data-elementor-type="wp-page" data-elementor-id="2442" class="elementor elementor-2442">
						<section class="elementor-section elementor-top-section elementor-element elementor-element-776dec2 elementor-section-boxed elementor-section-height-default elementor-section-height-default" data-id="776dec2" data-element_type="section">
						<div class="elementor-container elementor-column-gap-default">
					<div class="elementor-column elementor-col-100 elementor-top-column elementor-element elementor-element-8b69afd" data-id="8b69afd" data-element_type="column">
			<div class="elementor-widget-wrap elementor-element-populated">
						<div class="elementor-element elementor-element-499293e elementor-view-stacked elementor-shape-circle elementor-widget elementor-widget-icon" data-id="499293e" data-element_type="widget" data-widget_type="icon.default">
				<div class="elementor-widget-container">
					<div class="elementor-icon-wrapper">
			<div class="elementor-icon">
			<i aria-hidden="true" class="far fa-hand-peace"></i>			</div>
		</div>
				</div>
				</div>
					</div>
		</div>
					</div>
		</section>
				<section class="elementor-section elementor-top-section elementor-element elementor-element-6e081d5 elementor-section-boxed elementor-section-height-default elementor-section-height-default" data-id="6e081d5" data-element_type="section">
							<div class="elementor-background-overlay"></div>
							<div class="elementor-container elementor-column-gap-default">
					<div class="elementor-column elementor-col-100 elementor-top-column elementor-element elementor-element-9e50b2c" data-id="9e50b2c" data-element_type="column">
			<div class="elementor-widget-wrap elementor-element-populated">
						<div class="elementor-element elementor-element-2770cd2 elementor-widget elementor-widget-text-editor" data-id="2770cd2" data-element_type="widget" data-widget_type="text-editor.default">
				<div class="elementor-widget-container">
							<p>La <b>Festa dei Gigli</b> è una festa popolare cattolica che si tiene ogni anno a Nola in occasione della festività  dedicata a San Paolino. Con questo evento i nolani ricordano il ritorno in città di Ponzio Meropio Paolino dalla prigionia ad opera dei barbari avvenuto nella prima metà del V secolo. La festa rientra nella Rete delle grandi macchine a spalla italiane<sup id="cite_ref-2" class="reference"></sup> inserita dal dicembre del 2013 nel Patrimonio orale e immateriale dell&#8217;umanità dell&#8217;UNESCO.</p><p>Papa Gregorio I racconta il sacrificio personale del vescovo Paolino che donò i suoi averi e se stesso ai Visigoti in cambio della liberazione dei nolani resi schiavi a seguito delle invasioni di Alarico I del 410.</p><p>Nato come Anicio Ponzio Meropio Paolino a Bordeaux il 355 d.c., visse a Barcellona con la sua sposa Therasia, dalla quale ebbe un figlio di nome Celso, morto dopo soli 8 giorni. La sua sposa Therasia, con la quale aveva vissuto una vita monastica su stile orientale, si uccise gettandosi da una rupe a Montjiuk. Successivamente, Paolino fu acclamato dal popolo catalano la sera di Natale in chiesa, e fu nominato sacerdote dal Vescovo di Barcelona.</p><p>Secondo la leggenda, quando nel 409 Alarico Re dei Goti distrusse gran parte di Nola, prese come ostaggi 21 cittadini, tra cui il figlio di una vedova. Venuto a conoscenza del fatto San Paolino che era vescovo di Nola per acclamazione popolare &#8211; diede se stesso in ostaggio per ottenere la liberazione del bimbo. Venne quindi condotto come prigioniero in Turchia o in Africa, e fu impiegato come giardiniere. Alarico, avendo saputo che era un vescovo, ed avendo timore per alcuni strani sogni fatti, decise di liberarlo. Al suo ritorno, avvenuto nel 411-412, i nolani gli tributarono grandi festeggiamenti che furono curati dalle corporazioni della città. Morì a Nola nel 431 d.c.</p><p>Secondo un&#8217;altra leggenda, liberato dalla prigionia nel 431, tornò al suo paese assieme ad altri nolani in schiavitù accompagnati da navi cariche di grano, sbarcando sulla spiaggia di Torre Annunziata; i nolani accolsero al vescovo nel suo rientro in città con dei fiori, dei Gigli per l&#8217;esattezza, e che lo abbiano scortato fino alla sede vescovile alla testa dei gonfaloni delle corporazioni delle arti e dei mestieri. In memoria di quell&#8217;avvenimento Nola ha tributato nei secoli la sua devozione a San Paolino portando in processione ceri addobbati posti prima su strutture rudimentali e poi su cataletti, divenuti infine 8 torri piramidali di legno più una barca che simboleggia il mezzo con cui San Paolino è tornato a Nola.</p><p>Tali costruzioni lignee, denominate appunto &#8220;gigli&#8221;, hanno assunto nell&#8217;800 l&#8217;attuale altezza di 25 metri con base cubica di circa tre metri per lato, per un peso complessivo di oltre venticinque quintali. L&#8217;elemento portante è la &#8220;borda&#8221;, un&#8217;asse centrale su cui si articola l&#8217;intera struttura. Le &#8220;barre&#8221; e le &#8220;barrette&#8221; (in napoletano <i>varre</i> e <i>varritielli</i>) sono le assi di legno attraverso cui ogni Giglio viene sollevato e manovrato a spalla dagli addetti al trasporto. Questi assumono il nome di &#8220;cullatori&#8221; (in napoletano <i>cullature</i>), nome che deriva probabilmente dal movimento oscillante prodotto simile all&#8217;atto del cullare. L&#8217;insieme dei cullatori, di norma 128, prende il nome di &#8220;paranza&#8221;.</p><p>Gli 8 Gigli vengono addobbati dagli artigiani locali con decorazioni in cartapesta, stucchi o altri materiali secondo temi religiosi, storici o d&#8217;attualità. Essi rinnovano una tradizione chiaramente individuabile sin dagli ultimi decenni dell&#8217;800, che amplia le radici storiche individuabili nelle decorazioni architettoniche barocche leccesi e rappresentano quindi una forma di macchina votiva a spalla. Oltre ai Gigli viene costruita anche una struttura simile ma più bassa con una Barca posta sulla sommità con riferimento a quella che riportò San Paolino a Nola.</p><p>Nel triennio 2020-2021-2022 la festa venne annullata a causa della pandemia di COVID-19 del 2019-2021 (precedentemente, in tutta la sua millenaria storia, era avvenuto solo negli anni della seconda guerra mondiale), per l&#8217;impossibilità di svolgere la festa nel rispetto delle disposizioni sanitarie nazionali<sup id="cite_ref-3" class="reference"></sup>.</p><p>La festa si svolge il 22 giugno di ogni anno, se cade di domenica, o quella successiva, se giorno infrasettimanale e consiste nella processione danzante degli 8 Gigli e della Barca. Gli obelischi di legno prendono il nome delle antiche corporazioni delle arti e mestieri, nell&#8217;ordine:</p><ul><li>Ortolano</li><li>Salumiere</li><li>Bettoliere</li><li>Panettiere</li><li>Barca</li><li>Beccaio</li><li>Calzolaio</li><li>Fabbro</li><li>Sarto</li></ul><p>I Gigli e la Barca sfilano lungo un tradizionale percorso individuato nel nucleo più antico della cittadina al ritmo di brani originali e reinterpretazioni attinte dalla tradizione musicale napoletana, italiana e internazionale eseguiti da una banda musicale posta sulla base della struttura. La manifestazione copre l&#8217;intero arco della giornata. Nel corso della mattinata, i Gigli e la Barca vengono trasportati in piazza Duomo, la piazza principale di Nola, dove avviene la solenne benedizione da parte del vescovo. Dal primo pomeriggio all&#8217;alba del lunedì le strutture e i cullatori che li trasportano affrontano spettacolari prove di abilità e di forza.</p>						</div>
				</div>
					</div>
		</div>
					</div>
		</section>
				<section class="elementor-section elementor-top-section elementor-element elementor-element-363c7e9 elementor-section-boxed elementor-section-height-default elementor-section-height-default" data-id="363c7e9" data-element_type="section" data-settings="{&quot;background_background&quot;:&quot;slideshow&quot;,&quot;background_slideshow_gallery&quot;:[],&quot;background_slideshow_loop&quot;:&quot;yes&quot;,&quot;background_slideshow_slide_duration&quot;:5000,&quot;background_slideshow_slide_transition&quot;:&quot;fade&quot;,&quot;background_slideshow_transition_duration&quot;:500}">
						<div class="elementor-container elementor-column-gap-default">
					<div class="elementor-column elementor-col-100 elementor-top-column elementor-element elementor-element-3acc7d5" data-id="3acc7d5" data-element_type="column">
			<div class="elementor-widget-wrap elementor-element-populated">
						<div class="elementor-element elementor-element-cfc5c0c elementor-arrows-position-inside elementor-widget elementor-widget-image-carousel" data-id="cfc5c0c" data-element_type="widget" data-settings="{&quot;navigation&quot;:&quot;arrows&quot;,&quot;autoplay&quot;:&quot;yes&quot;,&quot;pause_on_hover&quot;:&quot;yes&quot;,&quot;pause_on_interaction&quot;:&quot;yes&quot;,&quot;autoplay_speed&quot;:5000,&quot;infinite&quot;:&quot;yes&quot;,&quot;speed&quot;:500,&quot;image_spacing_custom&quot;:{&quot;unit&quot;:&quot;px&quot;,&quot;size&quot;:20,&quot;sizes&quot;:[]},&quot;image_spacing_custom_tablet&quot;:{&quot;unit&quot;:&quot;px&quot;,&quot;size&quot;:&quot;&quot;,&quot;sizes&quot;:[]},&quot;image_spacing_custom_mobile&quot;:{&quot;unit&quot;:&quot;px&quot;,&quot;size&quot;:&quot;&quot;,&quot;sizes&quot;:[]}}" data-widget_type="image-carousel.default">
				<div class="elementor-widget-container">
					<div class="elementor-image-carousel-wrapper swiper-container" dir="ltr">
			<div class="elementor-image-carousel swiper-wrapper" aria-live="off">
								<div class="swiper-slide" role="group" aria-roledescription="slide" aria-label="1 di 4"><figure class="swiper-slide-inner"><img decoding="async" class="swiper-slide-image" src="https://www.associazionesara.it/wp-content/uploads/2023/05/FDD0CDAB-A32E-44C1-A047-F8AC19B955AA-460x460.jpeg" alt="FDD0CDAB-A32E-44C1-A047-F8AC19B955AA" /></figure></div><div class="swiper-slide" role="group" aria-roledescription="slide" aria-label="2 di 4"><figure class="swiper-slide-inner"><img decoding="async" class="swiper-slide-image" src="https://www.associazionesara.it/wp-content/uploads/2023/05/festa-dei-gigli-min-460x460.jpg" alt="festa-dei-gigli-min" /></figure></div><div class="swiper-slide" role="group" aria-roledescription="slide" aria-label="3 di 4"><figure class="swiper-slide-inner"><img decoding="async" class="swiper-slide-image" src="https://www.associazionesara.it/wp-content/uploads/2023/05/gigli-460x328.jpg" alt="gigli" /></figure></div><div class="swiper-slide" role="group" aria-roledescription="slide" aria-label="4 di 4"><figure class="swiper-slide-inner"><img decoding="async" class="swiper-slide-image" src="https://www.associazionesara.it/wp-content/uploads/2023/05/117584056_594971227843189_3458804413973788008_o-627x376-1-460x376.jpg" alt="117584056_594971227843189_3458804413973788008_o-627x376" /></figure></div>			</div>
												<div class="elementor-swiper-button elementor-swiper-button-prev" role="button" tabindex="0">
						<i aria-hidden="true" class="eicon-chevron-left"></i>					</div>
					<div class="elementor-swiper-button elementor-swiper-button-next" role="button" tabindex="0">
						<i aria-hidden="true" class="eicon-chevron-right"></i>					</div>
				
									</div>
				</div>
				</div>
					</div>
		</div>
					</div>
		</section>
				</div>

<p>La Festa dei Gigli è una festa popolare cattolica che si tiene ogni anno a Nola in occasione della festività  dedicata a San Paolino. Con questo evento i nolani ricordano il ritorno in città di Ponzio Meropio Paolino dalla prigionia ad opera dei barbari avvenuto nella prima metà del V secolo. La festa rientra nella Rete delle grandi macchine a spalla italiane inserita dal dicembre del 2013 nel Patrimonio orale e immateriale dell&#8217;umanità dell&#8217;UNESCO. Papa Gregorio &hellip;</p>
