{"id":65,"date":"2016-09-01T16:37:07","date_gmt":"2016-09-01T14:37:07","guid":{"rendered":"http:\/\/www.associazionesara.it\/?page_id=65"},"modified":"2018-02-07T16:06:36","modified_gmt":"2018-02-07T15:06:36","slug":"il-progetto","status":"publish","type":"page","link":"https:\/\/www.associazionesara.it\/index.php\/il-progetto\/","title":{"rendered":"Il Progetto"},"content":{"rendered":"<section class=\"wpb-content-wrapper\"><p>[vc_row][vc_column][vc_single_image image=&#8221;177&#8243; img_size=&#8221;300&#215;300&#8243; alignment=&#8221;center&#8221; style=&#8221;vc_box_outline&#8221;][vc_column_text]L\u2019Associazione S.A.R.A. nonostante sia nata da poco, si \u00e8 gi\u00e0 resa attiva nel settore della formazione e della diffusione della cultura della sicurezza sui luoghi di lavoro. Infatti oltre alle politiche di sicurezza e di salute dei lavoratori S.A.R.A accompagna i ragazzi verso la definizione di sistemi di orientamento al lavoro. L\u2019Associazione ha inoltre, come obiettivo quello di garantire l\u2019occupabilit\u00e0 dei giovani, al fine di favorirne l\u2019inserimento lavorativo, contrastando e prevedendo il fenomeno della disoccupazione che nella regione ha raggiunto un elevata percentuale. Il <a href=\"https:\/\/it.wikipedia.org\/wiki\/Progetto\" target=\"_blank\" rel=\"noopener\">progetto<\/a>, si candida per essere una buona prassi replicabile dal momento che pone obiettivi fissi e specifici per ciascuna delle fasi di cui \u00e8 caratterizzato.\u00a0L\u2019Associazione S.A.R.A. vuole introdurre un progetto innovativo, il <a href=\"https:\/\/it.wikipedia.org\/wiki\/Progetto\" target=\"_blank\" rel=\"noopener\">progetto<\/a> Smiles. Questo, \u00e8 destinato a 500 ragazzi frequentanti le classi quinte di 5 Istituti di Scuola Media Superiore presenti nel territorio nolano. Tali ragazzi saranno chiamati ad attivit\u00e0 di <a href=\"https:\/\/it.wikipedia.org\/wiki\/Progetto\" target=\"_blank\" rel=\"noopener\">progetto<\/a> in alcuni casi curriculari in altri extracurriculari secondo le disponibilit\u00e0 delle scuole e i tempi di start up di <a href=\"https:\/\/it.wikipedia.org\/wiki\/Progetto\" target=\"_blank\" rel=\"noopener\">progetto<\/a>. Nelle aule avr\u00e0 infatti luogo l\u2019attivit\u00e0 di formazione e informazione del <a href=\"https:\/\/it.wikipedia.org\/wiki\/Progetto\" target=\"_blank\" rel=\"noopener\">progetto<\/a> esaltando il ruolo stesso delle scuole nel <a href=\"https:\/\/it.wikipedia.org\/wiki\/Progetto\" target=\"_blank\" rel=\"noopener\">progetto<\/a> che saranno chiamate alla sensibilizzazione attraverso circolari interne. Un percorso particolare sar\u00e0 attivato attraverso le funzioni strumentali che saranno il vero volano della diffusione della informazione di <a href=\"https:\/\/it.wikipedia.org\/wiki\/Progetto\" target=\"_blank\" rel=\"noopener\">progetto<\/a> nelle classi. Alle scuole stesse sar\u00e0 chiesto di attribuire al <a href=\"https:\/\/it.wikipedia.org\/wiki\/Progetto\" target=\"_blank\" rel=\"noopener\">progetto<\/a> dei crediti scolastici. L\u2019iniziativa vuole garantire ai giovani studenti un\u2019offerta qualitativamente valida di lavoro.\u00a0Il <a href=\"https:\/\/it.wikipedia.org\/wiki\/Progetto\" target=\"_blank\" rel=\"noopener\">progetto<\/a> Smiles \u00e8 un progetto di condivisione della conoscenza destinata a dare opportunit\u00e0 lavorative ai giovani seguendo il metodo World Caf\u00e8. Il metodo World Caf\u00e8 \u00e8 un metodo nato in America, ed \u00e8 da un po\u2019 di tempo che sta riscuotendo grande successo anche in Italia dove esistono esperienze a livello aziendale, universitario, in associazioni e organizzazioni no profit. Non \u00e8 affatto un caso che grandi cambiamenti sono nati da conversazioni tra persone che si incontravano in salotti, nei bar. Fare un World Caf\u00e8 nei fatti, significa organizzare consapevolmente delle conversazioni importanti, per farlo bisogna lavorare sulle domande, avendo la capacit\u00e0 di formularle e che invitino le persone a collaborare in modo positivo, indagando il significato profondo delle cose.<\/p>\n<p>Il <a href=\"https:\/\/it.wikipedia.org\/wiki\/Progetto\" target=\"_blank\" rel=\"noopener\">progetto<\/a> Smiles con l\u2019Associazione S.A.R.A. ha come obiettivo quello di informare l\u2019opinione pubblica e i giovani, offrendo loro reali opportunit\u00e0 di orientamento, ha come obiettivo di formare ed informare, monitorare e controllare le attivit\u00e0 di comunicazione.<\/p>\n<p>I principali elementi di attuazione di questo <a href=\"https:\/\/it.wikipedia.org\/wiki\/Progetto\" target=\"_blank\" rel=\"noopener\">progetto<\/a> sono:<\/p>\n<p>Prevenire e contrastare la dispersione scolastica e formtiva;<\/p>\n<p>Rafforzare le competenze dei giovani a vantaggio dell\u2019occupabilit\u00e0;<\/p>\n<p>Favorire le occasioni di efficace inserimento nel mercato del lavoro;<\/p>\n<p>Permettere la diffusione della conoscenza come esercizio di un diritto all\u2019informazione.[\/vc_column_text][\/vc_column][\/vc_row][vc_row][vc_column][vc_btn title=&#8221;Destinatari&#8221; style=&#8221;3d&#8221; align=&#8221;right&#8221; link=&#8221;url:http%3A%2F%2Fwww.associazionesara.it%2Findex.php%2Fdestinatari%2F|||&#8221;][\/vc_column][\/vc_row]<\/p>\n<\/section>","protected":false},"excerpt":{"rendered":"<p>[vc_row][vc_column][vc_single_image image=&#8221;177&#8243; img_size=&#8221;300&#215;300&#8243; alignment=&#8221;center&#8221; style=&#8221;vc_box_outline&#8221;][vc_column_text]L\u2019Associazione S.A.R.A. nonostante sia nata da poco, si \u00e8 gi\u00e0 resa attiva nel settore della formazione e della diffusione della cultura della sicurezza sui luoghi di lavoro. Infatti oltre alle politiche di sicurezza e di salute dei lavoratori S.A.R.A accompagna i ragazzi verso la definizione di sistemi di orientamento al lavoro. &hellip;<\/p>\n","protected":false},"author":1,"featured_media":0,"parent":0,"menu_order":0,"comment_status":"closed","ping_status":"closed","template":"","meta":{"_uf_show_specific_survey":0,"_uf_disable_surveys":false},"_links":{"self":[{"href":"https:\/\/www.associazionesara.it\/index.php\/wp-json\/wp\/v2\/pages\/65"}],"collection":[{"href":"https:\/\/www.associazionesara.it\/index.php\/wp-json\/wp\/v2\/pages"}],"about":[{"href":"https:\/\/www.associazionesara.it\/index.php\/wp-json\/wp\/v2\/types\/page"}],"author":[{"embeddable":true,"href":"https:\/\/www.associazionesara.it\/index.php\/wp-json\/wp\/v2\/users\/1"}],"replies":[{"embeddable":true,"href":"https:\/\/www.associazionesara.it\/index.php\/wp-json\/wp\/v2\/comments?post=65"}],"version-history":[{"count":8,"href":"https:\/\/www.associazionesara.it\/index.php\/wp-json\/wp\/v2\/pages\/65\/revisions"}],"predecessor-version":[{"id":1301,"href":"https:\/\/www.associazionesara.it\/index.php\/wp-json\/wp\/v2\/pages\/65\/revisions\/1301"}],"wp:attachment":[{"href":"https:\/\/www.associazionesara.it\/index.php\/wp-json\/wp\/v2\/media?parent=65"}],"curies":[{"name":"wp","href":"https:\/\/api.w.org\/{rel}","templated":true}]}}

<section class="wpb-content-wrapper"><p>[vc_row][vc_column][vc_single_image image=&#8221;177&#8243; img_size=&#8221;300&#215;300&#8243; alignment=&#8221;center&#8221; style=&#8221;vc_box_outline&#8221;][vc_column_text]L’Associazione S.A.R.A. nonostante sia nata da poco, si è già resa attiva nel settore della formazione e della diffusione della cultura della sicurezza sui luoghi di lavoro. Infatti oltre alle politiche di sicurezza e di salute dei lavoratori S.A.R.A accompagna i ragazzi verso la definizione di sistemi di orientamento al lavoro. L’Associazione ha inoltre, come obiettivo quello di garantire l’occupabilità dei giovani, al fine di favorirne l’inserimento lavorativo, contrastando e prevedendo il fenomeno della disoccupazione che nella regione ha raggiunto un elevata percentuale. Il <a href="https://it.wikipedia.org/wiki/Progetto" target="_blank" rel="noopener">progetto</a>, si candida per essere una buona prassi replicabile dal momento che pone obiettivi fissi e specifici per ciascuna delle fasi di cui è caratterizzato. L’Associazione S.A.R.A. vuole introdurre un progetto innovativo, il <a href="https://it.wikipedia.org/wiki/Progetto" target="_blank" rel="noopener">progetto</a> Smiles. Questo, è destinato a 500 ragazzi frequentanti le classi quinte di 5 Istituti di Scuola Media Superiore presenti nel territorio nolano. Tali ragazzi saranno chiamati ad attività di <a href="https://it.wikipedia.org/wiki/Progetto" target="_blank" rel="noopener">progetto</a> in alcuni casi curriculari in altri extracurriculari secondo le disponibilità delle scuole e i tempi di start up di <a href="https://it.wikipedia.org/wiki/Progetto" target="_blank" rel="noopener">progetto</a>. Nelle aule avrà infatti luogo l’attività di formazione e informazione del <a href="https://it.wikipedia.org/wiki/Progetto" target="_blank" rel="noopener">progetto</a> esaltando il ruolo stesso delle scuole nel <a href="https://it.wikipedia.org/wiki/Progetto" target="_blank" rel="noopener">progetto</a> che saranno chiamate alla sensibilizzazione attraverso circolari interne. Un percorso particolare sarà attivato attraverso le funzioni strumentali che saranno il vero volano della diffusione della informazione di <a href="https://it.wikipedia.org/wiki/Progetto" target="_blank" rel="noopener">progetto</a> nelle classi. Alle scuole stesse sarà chiesto di attribuire al <a href="https://it.wikipedia.org/wiki/Progetto" target="_blank" rel="noopener">progetto</a> dei crediti scolastici. L’iniziativa vuole garantire ai giovani studenti un’offerta qualitativamente valida di lavoro. Il <a href="https://it.wikipedia.org/wiki/Progetto" target="_blank" rel="noopener">progetto</a> Smiles è un progetto di condivisione della conoscenza destinata a dare opportunità lavorative ai giovani seguendo il metodo World Cafè. Il metodo World Cafè è un metodo nato in America, ed è da un po’ di tempo che sta riscuotendo grande successo anche in Italia dove esistono esperienze a livello aziendale, universitario, in associazioni e organizzazioni no profit. Non è affatto un caso che grandi cambiamenti sono nati da conversazioni tra persone che si incontravano in salotti, nei bar. Fare un World Cafè nei fatti, significa organizzare consapevolmente delle conversazioni importanti, per farlo bisogna lavorare sulle domande, avendo la capacità di formularle e che invitino le persone a collaborare in modo positivo, indagando il significato profondo delle cose.</p>
<p>Il <a href="https://it.wikipedia.org/wiki/Progetto" target="_blank" rel="noopener">progetto</a> Smiles con l’Associazione S.A.R.A. ha come obiettivo quello di informare l’opinione pubblica e i giovani, offrendo loro reali opportunità di orientamento, ha come obiettivo di formare ed informare, monitorare e controllare le attività di comunicazione.</p>
<p>I principali elementi di attuazione di questo <a href="https://it.wikipedia.org/wiki/Progetto" target="_blank" rel="noopener">progetto</a> sono:</p>
<p>Prevenire e contrastare la dispersione scolastica e formtiva;</p>
<p>Rafforzare le competenze dei giovani a vantaggio dell’occupabilità;</p>
<p>Favorire le occasioni di efficace inserimento nel mercato del lavoro;</p>
<p>Permettere la diffusione della conoscenza come esercizio di un diritto all’informazione.[/vc_column_text][/vc_column][/vc_row][vc_row][vc_column][vc_btn title=&#8221;Destinatari&#8221; style=&#8221;3d&#8221; align=&#8221;right&#8221; link=&#8221;url:http%3A%2F%2Fwww.associazionesara.it%2Findex.php%2Fdestinatari%2F|||&#8221;][/vc_column][/vc_row]</p>
</section>

<p>[vc_row][vc_column][vc_single_image image=&#8221;177&#8243; img_size=&#8221;300&#215;300&#8243; alignment=&#8221;center&#8221; style=&#8221;vc_box_outline&#8221;][vc_column_text]L’Associazione S.A.R.A. nonostante sia nata da poco, si è già resa attiva nel settore della formazione e della diffusione della cultura della sicurezza sui luoghi di lavoro. Infatti oltre alle politiche di sicurezza e di salute dei lavoratori S.A.R.A accompagna i ragazzi verso la definizione di sistemi di orientamento al lavoro. &hellip;</p>
