{"id":92,"date":"2016-09-01T16:39:57","date_gmt":"2016-09-01T14:39:57","guid":{"rendered":"http:\/\/www.associazionesara.it\/?page_id=92"},"modified":"2018-02-07T17:03:52","modified_gmt":"2018-02-07T16:03:52","slug":"consorzio-andromeda","status":"publish","type":"page","link":"https:\/\/www.associazionesara.it\/index.php\/consorzio-andromeda\/","title":{"rendered":"Consorzio Andromeda"},"content":{"rendered":"<section class=\"wpb-content-wrapper\"><p>[vc_row][vc_column][vc_single_image image=&#8221;430&#8243; img_size=&#8221;1100&#215;550&#8243; style=&#8221;vc_box_outline&#8221;][\/vc_column][\/vc_row][vc_row][vc_column][vc_column_text]Ente di Formazione Professionale Accreditato dalla Regione Campania<\/p>\n<p>Andromeda sebbene sia una realt\u00e0 di recente istituzione \u00e8, al tempo stesso, gi\u00e0 in costante evoluzione, pronta da subito a intuire e a cogliere i cambiamenti del mercato e ad adottare nuovi metodi e tecnologie da applicare sia al settore della formazione che della consulenza. Andromeda considera la formazione e la consulenza come strumenti indispensabili di aggiornamento, di sviluppo e di inserimento lavorativo inserendoli in un contesto che va dall&#8217;orientamento alla formazione, dall&#8217;accompagnamento all&#8217;assistenza tecnica, alla job creation. Le nuove metodologie utilizzate, oltre alla tradizionale formazione in aula, si avvalgono di strumenti informatici e multimediali e di specifici percorsi individuali. I settori di intervento nei quali opera Consorzio Andromeda possono interessare e coinvolgere sia le Istituzioni Pubbliche che i Privati.[\/vc_column_text][\/vc_column][\/vc_row][vc_row][vc_column][vc_button2 title=&#8221;Format&#8221; align=&#8221;right&#8221; style=&#8221;3d&#8221; link=&#8221;url:http%3A%2F%2Fwww.associazionesara.it%2Findex.php%2Fformat%2F|||&#8221;][\/vc_column][\/vc_row]<\/p>\n<\/section>","protected":false},"excerpt":{"rendered":"<p>[vc_row][vc_column][vc_single_image image=&#8221;430&#8243; img_size=&#8221;1100&#215;550&#8243; style=&#8221;vc_box_outline&#8221;][\/vc_column][\/vc_row][vc_row][vc_column][vc_column_text]Ente di Formazione Professionale Accreditato dalla Regione Campania Andromeda sebbene sia una realt\u00e0 di recente istituzione \u00e8, al tempo stesso, gi\u00e0 in costante evoluzione, pronta da subito a intuire e a cogliere i cambiamenti del mercato e ad adottare nuovi metodi e tecnologie da applicare sia al settore della formazione che della &hellip;<\/p>\n","protected":false},"author":1,"featured_media":0,"parent":0,"menu_order":0,"comment_status":"closed","ping_status":"closed","template":"","meta":{"_uf_show_specific_survey":0,"_uf_disable_surveys":false},"_links":{"self":[{"href":"https:\/\/www.associazionesara.it\/index.php\/wp-json\/wp\/v2\/pages\/92"}],"collection":[{"href":"https:\/\/www.associazionesara.it\/index.php\/wp-json\/wp\/v2\/pages"}],"about":[{"href":"https:\/\/www.associazionesara.it\/index.php\/wp-json\/wp\/v2\/types\/page"}],"author":[{"embeddable":true,"href":"https:\/\/www.associazionesara.it\/index.php\/wp-json\/wp\/v2\/users\/1"}],"replies":[{"embeddable":true,"href":"https:\/\/www.associazionesara.it\/index.php\/wp-json\/wp\/v2\/comments?post=92"}],"version-history":[{"count":6,"href":"https:\/\/www.associazionesara.it\/index.php\/wp-json\/wp\/v2\/pages\/92\/revisions"}],"predecessor-version":[{"id":1324,"href":"https:\/\/www.associazionesara.it\/index.php\/wp-json\/wp\/v2\/pages\/92\/revisions\/1324"}],"wp:attachment":[{"href":"https:\/\/www.associazionesara.it\/index.php\/wp-json\/wp\/v2\/media?parent=92"}],"curies":[{"name":"wp","href":"https:\/\/api.w.org\/{rel}","templated":true}]}}