{"id":95,"date":"2016-09-01T16:40:08","date_gmt":"2016-09-01T14:40:08","guid":{"rendered":"http:\/\/www.associazionesara.it\/?page_id=95"},"modified":"2018-02-07T17:05:27","modified_gmt":"2018-02-07T16:05:27","slug":"format","status":"publish","type":"page","link":"https:\/\/www.associazionesara.it\/index.php\/format\/","title":{"rendered":"Format"},"content":{"rendered":"<section class=\"wpb-content-wrapper\"><p>[vc_row][vc_column][vc_single_image image=&#8221;434&#8243; img_size=&#8221;1100&#215;550&#8243; style=&#8221;vc_box_outline&#8221;][\/vc_column][\/vc_row][vc_row][vc_column][vc_column_text]<\/p>\n<div>La <a href=\"http:\/\/www.formatitalia.it\/\" target=\"_blank\" rel=\"noopener\"><strong>Format srl<\/strong><\/a> \u00e8 una societ\u00e0 nata nel 2002 ed \u00e8 impegnata nel campo della formazione, delle risorse umane e nella fornitura di servizi connessi con l&#8217;informatica.<\/div>\n<div><\/div>\n<div>Organizza corsi e attivit\u00e0 formative per favorire l\u2019ingresso nel mondo del lavoro di giovani e adulti, e\/o per qualificare maggiormente coloro che gi\u00e0 lavorano e per aggiornare il personale delle aziende. Da sempre,\u00a0 la\u00a0 missio n \u00e8 quella cogliere i bisogni di formazione professionale che esistono all\u2019interno del tessuto economico e sviluppare attivit\u00e0 formative in varie aree per\u00a0 offrire un\u2019elevata specializzazione ai suoi allievi:<\/div>\n<ul>\n<li>Informatica<\/li>\n<li>Linguistica<\/li>\n<li>Grafica<\/li>\n<li>Disegno Tecnico<\/li>\n<li>Economico-aziendale<\/li>\n<li>Giuridica<\/li>\n<\/ul>\n<p>[\/vc_column_text][\/vc_column][\/vc_row][vc_row][vc_column][vc_button2 title=&#8221;Fondolavoro&#8221; align=&#8221;right&#8221; style=&#8221;3d&#8221; color=&#8221;orange&#8221; link=&#8221;url:http%3A%2F%2Fwww.associazionesara.it%2Findex.php%2Ffondo-lavoro%2F|||&#8221;][\/vc_column][\/vc_row]<\/p>\n<\/section>","protected":false},"excerpt":{"rendered":"<p>[vc_row][vc_column][vc_single_image image=&#8221;434&#8243; img_size=&#8221;1100&#215;550&#8243; style=&#8221;vc_box_outline&#8221;][\/vc_column][\/vc_row][vc_row][vc_column][vc_column_text] La Format srl \u00e8 una societ\u00e0 nata nel 2002 ed \u00e8 impegnata nel campo della formazione, delle risorse umane e nella fornitura di servizi connessi con l&#8217;informatica. Organizza corsi e attivit\u00e0 formative per favorire l\u2019ingresso nel mondo del lavoro di giovani e adulti, e\/o per qualificare maggiormente coloro che gi\u00e0 lavorano &hellip;<\/p>\n","protected":false},"author":1,"featured_media":0,"parent":0,"menu_order":0,"comment_status":"closed","ping_status":"closed","template":"","meta":{"_uf_show_specific_survey":0,"_uf_disable_surveys":false},"_links":{"self":[{"href":"https:\/\/www.associazionesara.it\/index.php\/wp-json\/wp\/v2\/pages\/95"}],"collection":[{"href":"https:\/\/www.associazionesara.it\/index.php\/wp-json\/wp\/v2\/pages"}],"about":[{"href":"https:\/\/www.associazionesara.it\/index.php\/wp-json\/wp\/v2\/types\/page"}],"author":[{"embeddable":true,"href":"https:\/\/www.associazionesara.it\/index.php\/wp-json\/wp\/v2\/users\/1"}],"replies":[{"embeddable":true,"href":"https:\/\/www.associazionesara.it\/index.php\/wp-json\/wp\/v2\/comments?post=95"}],"version-history":[{"count":5,"href":"https:\/\/www.associazionesara.it\/index.php\/wp-json\/wp\/v2\/pages\/95\/revisions"}],"predecessor-version":[{"id":1325,"href":"https:\/\/www.associazionesara.it\/index.php\/wp-json\/wp\/v2\/pages\/95\/revisions\/1325"}],"wp:attachment":[{"href":"https:\/\/www.associazionesara.it\/index.php\/wp-json\/wp\/v2\/media?parent=95"}],"curies":[{"name":"wp","href":"https:\/\/api.w.org\/{rel}","templated":true}]}}

<section class="wpb-content-wrapper"><p>[vc_row][vc_column][vc_single_image image=&#8221;434&#8243; img_size=&#8221;1100&#215;550&#8243; style=&#8221;vc_box_outline&#8221;][/vc_column][/vc_row][vc_row][vc_column][vc_column_text]</p>
<div>La <a href="http://www.formatitalia.it/" target="_blank" rel="noopener"><strong>Format srl</strong></a> è una società nata nel 2002 ed è impegnata nel campo della formazione, delle risorse umane e nella fornitura di servizi connessi con l&#8217;informatica.</div>
<div></div>
<div>Organizza corsi e attività formative per favorire l’ingresso nel mondo del lavoro di giovani e adulti, e/o per qualificare maggiormente coloro che già lavorano e per aggiornare il personale delle aziende. Da sempre,  la  missio n è quella cogliere i bisogni di formazione professionale che esistono all’interno del tessuto economico e sviluppare attività formative in varie aree per  offrire un’elevata specializzazione ai suoi allievi:</div>
<ul>
<li>Informatica</li>
<li>Linguistica</li>
<li>Grafica</li>
<li>Disegno Tecnico</li>
<li>Economico-aziendale</li>
<li>Giuridica</li>
</ul>
<p>[/vc_column_text][/vc_column][/vc_row][vc_row][vc_column][vc_button2 title=&#8221;Fondolavoro&#8221; align=&#8221;right&#8221; style=&#8221;3d&#8221; color=&#8221;orange&#8221; link=&#8221;url:http%3A%2F%2Fwww.associazionesara.it%2Findex.php%2Ffondo-lavoro%2F|||&#8221;][/vc_column][/vc_row]</p>
</section>

<p>[vc_row][vc_column][vc_single_image image=&#8221;434&#8243; img_size=&#8221;1100&#215;550&#8243; style=&#8221;vc_box_outline&#8221;][/vc_column][/vc_row][vc_row][vc_column][vc_column_text] La Format srl è una società nata nel 2002 ed è impegnata nel campo della formazione, delle risorse umane e nella fornitura di servizi connessi con l&#8217;informatica. Organizza corsi e attività formative per favorire l’ingresso nel mondo del lavoro di giovani e adulti, e/o per qualificare maggiormente coloro che già lavorano &hellip;</p>
